ghest common divisor of k and 28?
14
Let b(x) = -x**2 + 25*x - 40. Let n be b(15). Suppose -4*r - 7*r = -110. What is the highest common divisor of r and n?
10
Let r(x) = 1 - 302*x**2 + 6 + 312*x**2 + 2*x. Let a be r(4). Let u = a - 70. What is the greatest common factor of 42 and u?
21
Let x(z) = 16*z**2 + 4*z + 27. Let s be x(5). Let b = 547 - s. What is the highest common factor of 800 and b?
100
Let n(h) = h**2 - 248*h - 10358. Let o be n(-37). Calculate the greatest common factor of o and 11033.
187
Suppose 36*g - 272 = -272. Let n be ((-16)/(-3))/(2/9). Suppose -21*t + n*t - 21 = g. Calculate the highest common factor of t and 35.
7
Let y(k) = 599*k - 1122. Let m be y(2). Let s = 13 + 6. What is the greatest common divisor of s and m?
19
Suppose 13387 - 41683 = -131*n. What is the greatest common divisor of 348 and n?
12
Let b(g) = 12*g + 42*g + 0*g - 53 + 48. Let k be b(1). Let n = k - 35. Calculate the highest common divisor of n and 154.
14
Let y(k) = k**2 - 9*k + 5. Let c be y(16). Suppose 5*l - 18 = 7. Suppose 3*z + 17 = 2*v, -3*v - l*z + 51 = -z. What is the highest common divisor of v and c?
13
Let g = 112 + -115. Let y be 1/(((-2)/(-34))/(-2 - g)). What is the highest common factor of y and 68?
17
Let n(x) = 31*x + 4*x**3 - 18*x - 5*x**3 - 12*x**2 - 4*x. Let k be n(-9). Let h be ((-2)/4)/(2*3/k). Calculate the greatest common factor of 3 and h.
3
Suppose 4*l = 2*h + l - 39, h - 4*l - 22 = 0. Let b(s) = s**2 - 18*s + 1. Let m be b(h). Let u = m - -22. Calculate the greatest common factor of 207 and u.
23
Let v = 35 + -33. Let k(x) = -6 + 15*x**2 + v*x + 3*x - 12*x**2. Let n be k(3). Calculate the greatest common factor of n and 9.
9
Suppose -22337 - 27263 = -503*t + 186307. What is the greatest common factor of 140 and t?
7
Suppose -3*y - 659 = -k - 2*y, -5*k = -4*y - 3294. Let l be 5 - 0 - (-19)/(133/k). Calculate the greatest common factor of l and 9.
9
Suppose 0 = -6*n + 2*n. Let b be (17 - n) + -1 - 4. Suppose 0*u = -18*u + 864. Calculate the highest common factor of b and u.
12
Let h be (-2)/(8/(-7) + 1). Let q = -278 + 277. Let m be (-1771)/(-21) - q/(-3). What is the highest common divisor of h and m?
14
Let v be 2/3*(11 - -1). Let o = 689 + -686. Suppose -o*h - 45 = -v*h. Calculate the highest common factor of 6 and h.
3
Suppose 2*p = 5*b + 32, 104 = 2*p + 39*b - 35*b. What is the greatest common factor of p and 20556?
36
Let p be 8 - 54/(-6) - -16. Calculate the highest common factor of p and 2464.
11
Suppose 11*g = -7*g + 35 + 1. What is the highest common divisor of g and 2734?
2
Let i be (12/(-6))/(-9 + (-68)/(-8)). Let u(n) = 7*n + 1. Let l be u(1). Calculate the greatest common factor of i and l.
4
Let g = 275 - 226. Suppose 17*z = 308 + g. What is the highest common factor of z and 336?
21
Let y(b) = 373*b + 1284. Let u be y(17). Calculate the greatest common factor of 1220 and u.
305
Let k be (1 + 5/4)/((-297)/(-396)). Let o be k/21 + 4616/28. What is the greatest common factor of o and 15?
15
Suppose -2*r = -2, -8*m = -5*m + 4*r - 40. Calculate the highest common divisor of m and 452.
4
Let t(c) = -15*c**2 + 102*c - 7. Let z be t(5). What is the highest common divisor of z and 56?
8
Suppose 2*u + 5*p - 2008 = 0, -2*u = p - 1018 - 974. Calculate the highest common factor of 112 and u.
14
Suppose -3*o + 95 = 2*r, -3*r + 7*r - 230 = 2*o. Let b = -38 + 53. Calculate the highest common divisor of b and r.
5
Let q be 684/38 - (3 - 1). Suppose -343 - 25 = -q*p. What is the highest common factor of 23 and p?
23
Let q(j) = -j**3 - 78*j**2 + 283*j + 3259. Let h be q(-81). What is the greatest common factor of 20881 and h?
19
Let z(f) = 9*f**3 - 9*f**2 + 45*f - 110. Let w be z(6). What is the greatest common divisor of w and 500?
20
Suppose -4*v = -2*t - 10, -5*v = -2*t - 2*v - 9. Let k be t*((-128)/3)/4. Let i be (-40)/(-25) + 12/30. Calculate the highest common divisor of k and i.
2
Let x = -3294 + 3295. What is the highest common divisor of x and 133?
1
Suppose 0 = -4*j - 8, 3*j - 158 = -3*u - 2*j. Let c(s) = 2*s + 10. Let w be c(-7). Let a be 7*(-2)/8*w. What is the highest common factor of a and u?
7
Let n(t) = t**3 + 28*t**2 - 29*t - 513. Let u be n(-18). What is the highest common divisor of u and 9?
9
Let c(f) = 14*f**2 + 4*f + 4. Let p be c(-3). Suppose 17*m - 130 - 108 + 204 = 0. What is the highest common divisor of m and p?
2
Let s = 30 + -57. Let n = s - 8. Let l = -19 - n. What is the greatest common factor of l and 144?
16
Suppose -33 = -13*s + 32. Let k be (-4 - -2639)/s + 0. Let d be k/62 - (1 - 3)/(-4). What is the highest common divisor of 32 and d?
8
Let w be (-66)/(-4)*4/3. Let a = -7864 + 7908. What is the highest common factor of w and a?
22
Let x(q) = -102*q - 1760. Let v be x(-36). What is the greatest common factor of 16 and v?
8
Let l = -15512 + 15701. Calculate the greatest common factor of l and 7119.
63
Let m(t) = -t**3 + 72*t**2 + 5*t + 223. Let c be m(72). What is the highest common factor of 55 and c?
11
Let s be (2 - 2)/((-36)/6 + 4) - -108. What is the highest common factor of 7668 and s?
108
Let s = -64 - -99. Let y = 64 + s. What is the highest common divisor of y and 22?
11
Suppose 5*n + 3*t - 476 + 70 = 0, -234 = -3*n + 3*t. Suppose d + 4*c = 2*d - n, 4*d - 4*c - 308 = 0. What is the greatest common divisor of d and 4?
4
Let r(z) = z**3 - z**2 + 3*z + 1. Let o be r(-3). Let m = 109 - 53. Let n = m + o. Calculate the greatest common factor of n and 24.
12
Suppose -2 = 2*v - 10, 0 = 2*y - v + 8. Let a be 3/(y/(-11) - (-70)/462). Calculate the greatest common divisor of 657 and a.
9
Suppose -339638 + 60086 = -78*p. Calculate the highest common divisor of 14 and p.
14
Let j be (2 - 0)/((-2)/(-8)). Suppose 8*p - 254 = 485 - 35. What is the highest common factor of p and j?
8
Let z(r) = 10*r + 4. Let c be z(4). Suppose -28 = -f + 4*h, 160*f + h = 155*f + 56. Calculate the highest common factor of c and f.
4
Suppose 2*j = -0*j - 5*g + 429, -866 = -4*j - 2*g. Suppose -169*m + 616 = -81*m. What is the highest common factor of m and j?
7
Suppose 10 - 98 = -8*m. Suppose 2*c = -4, m*f + 4*c + 668 = 15*f. Calculate the highest common factor of f and 44.
11
Suppose 0 = 4*b - o - 163 + 40, -34 = -b - 3*o. Suppose 0 = -2*l - 3*d + 239, -2*d = 3*l - 314 - 52. Calculate the greatest common divisor of l and b.
31
Suppose -3*b + 24*w + 15752 = 19*w, 4*w = -3*b + 15689. What is the highest common divisor of 93 and b?
31
Let a(r) = -17*r - 545. Let w be a(-33). Calculate the greatest common factor of w and 152.
8
Let a(u) = -2*u**2 - 83*u - 598. Let i be a(-10). What is the highest common factor of 5920 and i?
32
Suppose 2269 = 4*s - 2455. Let b = -809 + s. Suppose i = 7*i - b. What is the greatest common divisor of 31 and i?
31
Suppose 0 = 4*v - w, -w = 2*w. Let r be 0 - ((0 - 2) + -2 + v). Suppose o + 67 = 3*x, 9*x - 3*o = r*x + 113. What is the highest common factor of x and 22?
22
Let r be 24 + 1*(-5 + 2). Suppose 13*l - 12*l - 3 = 0. Suppose 0 = -4*u + l + r. What is the greatest common divisor of u and 12?
6
Let c be (25 + -23)/(-2*1/(-4)). Let i(m) = -m**2 + 4*m + 11. Let h be i(5). What is the greatest common factor of c and h?
2
Let u = 26 + -22. Suppose 0 = 2*s - 3*v + 5, 2*s + u*v = 30. Let h be (-722)/(-4) - s/10. What is the highest common factor of h and 72?
36
Let d = -23 + 26. Let p be (d + (-222)/2)*-2. Suppose -3*x + 9*x = p. Calculate the highest common divisor of 9 and x.
9
Let l(f) = 2*f**2 + 44*f - 667. Let s be l(11). What is the greatest common divisor of s and 5251?
59
Let n = 7911 + -7569. What is the greatest common divisor of n and 4731?
57
Suppose 2*l + 14*l - 1936 = 0. Suppose l*t = 141*t - 3500. What is the greatest common divisor of t and 50?
25
Let q(v) = -v**3 - 32*v**2 + 135*v + 1. Let z be q(-36). What is the highest common divisor of 130 and z?
65
Let z(s) = 5*s**2 + 9*s - 19. Let i be (-7 + 3)/(2 - 4/4). Let k be z(i). Let y = 8 - 3. What is the greatest common factor of k and y?
5
Suppose -30*d = 119*d - 21009. What is the greatest common divisor of d and 12549?
141
Let x(i) = 32*i**2 + 27*i + 19. Let w be x(-13). Calculate the highest common factor of 72 and w.
36
Let d = -34806 - -34833. Calculate the greatest common factor of 1551 and d.
3
Let z = 92 - -130. Cal